e 3) in base 5?
10433410322
-10543305 (base 6) to base 10
-324761
What is 3422254 (base 6) in base 4?
222201322
2650521 (base 7) to base 2
1010101000011110101
What is -68121 (base 16) in base 12?
-186829
Convert -3414433 (base 6) to base 14.
-47297
Convert 35652 (base 13) to base 6.
2032313
-4479c (base 14) to base 9
-272821
Convert -20303333112 (base 4) to base 2.
-1000110011111111010110
What is -3303230 (base 6) in base 16?
-280c2
What is 5844786 (base 10) in base 12?
1b5a496
-2013311312 (base 4) to base 15
-aecdb
What is 201110110000 (base 3) in base 7?
3153522
What is 71731 (base 10) in base 15?
163c1
Convert -1e591 (base 16) to base 15.
-26c70
What is -283126 (base 10) in base 9?
-471334
1102020220 (base 3) to base 13
c903
What is -1223043 (base 6) in base 11?
-45213
Convert -1a20b76 (base 12) to base 3.
-101101022112000
Convert -100404334 (base 5) to base 11.
-256358
Convert 3435012 (base 7) to base 14.
b2542
What is 22220010233 (base 4) in base 8?
12500457
What is -55855 (base 12) in base 9?
-182662
What is -81e82 (base 15) in base 6?
-12453435
What is -107a32 (base 13) in base 9?
-651708
Convert -15a7a2 (base 13) to base 11.
-337820
Convert -58790 (base 10) to base 11.
-40196
What is -114ba8c (base 14) in base 3?
-120112022101111
What is -131164 (base 7) in base 3?
-1020112111
What is 11b418 (base 16) in base 8?
4332030
233163 (base 7) to base 15
c660
What is -233b038 (base 12) in base 7?
-111540161
What is -10563170 (base 9) in base 8?
-23417647
Convert -32235124 (base 6) to base 10.
-953692
Convert 34d028 (base 16) to base 4.
31031000220
What is -22cc55 (base 14) in base 3?
-2020100101220
Convert -3a1756 (base 16) to base 8.
-16413526
446ccb (base 13) to base 11
a03244
What is -88155 (base 9) in base 8?
-162123
What is -15d2a (base 15) in base 5?
-4223330
112112112002200 (base 3) to base 5
3434213024
40656 (base 12) to base 9
137043
-130612642 (base 7) to base 10
-8339683
What is -10110100010011110000 (base 2) in base 3?
-1101112002111
What is -3040112 (base 5) in base 10?
-49407
What is -1154145 (base 11) in base 2?
-111101011000010101111
What is 1243654 (base 7) in base 2?
100111100110110101
Convert -11301014 (base 5) to base 3.
-12020122102
-575276 (base 8) to base 11
-123781
Convert -101100110110000101110 (base 2) to base 16.
-166c2e
Convert -8b3e6 (base 15) to base 16.
-6c288
Convert 1245034 (base 7) to base 12.
7a127
-1010010111111010100 (base 2) to base 12
-144870
Convert 11261323 (base 7) to base 5.
223132334
-1711935 (base 10) to base 14
-327c51
What is -83a48 (base 13) in base 3?
-110000212110
-2824159 (base 13) to base 4
-300122023003
What is 21102202000002 (base 3) in base 5?
2002414212
-1628141 (base 9) to base 15
-12d157
-1be506 (base 15) to base 2
-101001101001010010111
Convert -3321331432 (base 5) to base 11.
-40884a3
What is 1103231132 (base 4) in base 15?
6b8d8
What is fbe5b (base 16) in base 5?
231004041
-64845 (base 9) to base 4
-22133123
Convert 5623 (base 10) to base 6.
42011
Convert -110700 (base 8) to base 15.
-b0c7
Convert -1ebe0 (base 15) to base 6.
-2053320
Convert 8eb16 (base 16) to base 8.
2165426
-12210012 (base 3) to base 10
-4217
Convert 52749 (base 11) to base 10.
76767
-753b9 (base 15) to base 12
-15b403
What is 17e83c (base 16) in base 3?
2221121012220
Convert -101102222112 (base 3) to base 10.
-205565
Convert f0d41 (base 16) to base 5.
223031213
57622 (base 9) to base 14
dddc
What is -2891 (base 16) in base 3?
-112020122
-1adac4 (base 14) to base 16
-ea52c
What is -2021102002 (base 3) in base 5?
-2413033
2152637 (base 8) to base 13
1736b7
What is -402c107 (base 13) in base 6?
-1531340402
What is -11042172 (base 8) in base 7?
-26126344
What is -1105777 (base 8) in base 11?
-193974
What is -39211 (base 11) in base 2?
-1101101101011100
16787 (base 9) to base 15
3671
23552124 (base 6) to base 3
1101212212221
What is -101101111212 (base 3) in base 13?
-72104
Convert 1430630 (base 10) to base 14.
29351c
What is 1142420 (base 8) in base 11?
1a3945
-1200230310 (base 4) to base 6
-12253420
82235 (base 11) to base 16
1d506
16354022 (base 7) to base 6
54052055
-17bd3 (base 16) to base 14
-27615
-53324055 (base 6) to base 12
-63662b
What is 360542 (base 8) in base 3?
20021001020
-1102002012022 (base 3) to base 14
-157239
What is -47925 (base 13) in base 9?
-218840
7733300 (base 8) to base 12
842940
377225 (base 8) to base 15
28ade
Convert 64661343 (base 7) to base 13.
11b6caa
112174 (base 13) to base 9
675787
What is 402434 (base 8) in base 10?
132380
Convert -103043444 (base 5) to base 4.
-1223202303
52a (base 13) to base 4
31301
9c159 (base 16) to base 7
5301624
1020002120 (base 3) to base 12
11b66
Convert adae (base 16) to base 3.
2020222202
Convert -cd03af (base 16) to base 9.
-27247432
Convert -9934679 (base 10) to base 15.
-d1391e
Convert -404411032 (base 5) to base 12.
-6700a3
Convert -e97ad (base 15) to base 14.
-153dcb
Convert 69704 (base 11) to base 2.
11000100101000100
Convert 1001011011101101100 (base 2) to base 7.
2425111
-4512586 (base 9) to base 3
-11120102122220
Convert 7735734 (base 8) to base 13.
57a7c7
-28008 (base 11) to base 7
-224303
Convert 3480383 (base 12) to base 13.
21341b5
Convert 1000010002100 (base 3) to base 15.
a81e6
What is -9276 (base 13) in base 11?
-14201
What is -111233020033 (base 4) in base 6?
-322043531
Convert 39b63 (base 13) to base 16.
1a384
Convert 1134344110 (base 5) to base 9.
4883241
Convert 3722583 (base 10) to base 15.
4d7ec3
123531 (base 7) to base 8
54571
Convert 112210011110 (base 3) to base 15.
5b346
Convert -214325 (base 6) to base 15.
-5442
-23750215 (base 8) to base 16
-4fd08d
What is 10101013 (base 5) in base 16?
13de7
What is -297906 (base 12) in base 15?
-dbac6
What is 1242333300 (base 5) in base 12?
1050115
Convert 100010010010111000101100 (base 2) to base 12.
3016838
What is 604270 (base 10) in base 11?
382aa7
What is 78766 (base 9) in base 3?
2122212020
-10021102012022 (base 3) to base 9
-3242168
What is 353366 (base 8) in base 9?
203342
What is -11011011011100111 (base 2) in base 11?
-77465
Convert -5115667 (base 11) to base 3.
-122000022212001
-3770b (base 12) to base 14
-1d643
What is 10101000000000101011001 (base 2) in base 7?
64536432
101010100001110011111011 (base 2) to base 3
202222101220212
Convert -24452450 (base 6) to base 8.
-2774456
-553206 (base 7) to base 15
-1dbd3
-21211012120 (base 3) to base 2
-100101100101110001
What is 3103333233 (base 5) in base 9?
12774650
Convert -72a3 (base 11) to base 10.
-9672
Convert 2e395 (base 15) to base 11.
a2201
-1001013123 (base 4) to base 9
-445770
-17757044 (base 8) to base 16
-3fde24
-107953 (base 15) to base 6
-24454423
Convert -20aa225 (base 14) to base 12.
-5221221
Convert -1cc050 (base 14) to base 4.
-3323322012
What is -121022221010 (base 3) in base 5?
-40241223
Convert -bbeb1c (base 15) to base 9.
-17765420
Convert -3f023 (base 16) to base 8.
-770043
421122412 (base 5) to base 13
48b776
What is 11211201000222 (base 3) in base 2?
1001110100000101111011
Convert -1441342 (base 6) to base 2.
-10100010101011110
-11212002002 (base 5) to base 12
-42812a3
Convert -191074 (base 10) to base 4.
-232221202
What is -7426 (base 14) in base 13?
-9166
Convert 29389c (base 13) to base 7.
11364631
-47941 (base 14) to base 10
-174693
What is 1233330311 (base 4) in base 13?
130940
Convert -1011101100101000000 (base 2) to base 7.
-3154324
Convert 6206511 (base 7) to base 2.
10110101000110111011
1260035 (base 7) to base 12
7ba7b
What is 1001110001010000000010 (base 2) in base 7?
30524356
Convert -2802 (base 13) to base 8.
-13164
-21000222 (base 4) to base 2
-1001000000101010
82488c (base 13) to base 4
23211220122
What is -53683 (base 9) in base 8?
-105341
What is 237487 (base 9) in base 4?
202332313
What is 142403342 (base 6) in base 4?
23022000032
Convert 333350445 (base 6) to base 16.
5c4b5d
What is 1010101001010 (base 2) in base 8?
12512
What is 6042520 (base 11) in base 5?
10214104334
143443210 (base 5) to base 14
15cd38
-123a0d (base 15) to base 14
-18a221
-2313331032 (base 4) to base 3
-1102021120220
Convert -42214252 (base 7) to base 14.
-68bcd2
Convert 22002200200120 (base 3) to base 10.
4304517
2b6ba (base 13) to base 15
19671
-16728564 (base 9) to base 5
-4122420000
Convert 1434145 (base 6) to base 